*h = h + 2. Is 6 a factor of y?
True
Let f(m) = -m + 14. Let a be f(15). Is ((-26)/(-13))/(a/(22/(-4))) a multiple of 3?
False
Suppose 0*a - 13 = -a + 2*q, -2*q - 19 = -3*a. Suppose -a*j + 8 = -5*j. Let l(v) = -4*v - 8. Is 4 a factor of l(j)?
True
Suppose 4*a + 1487 = 5*z, 2*z - 293 = z + 3*a. Does 12 divide z?
False
Let w be (-8)/16 - 41/2. Let y = 37 + w. Let x = y + 2. Is 5 a factor of x?
False
Suppose -15 = 4*q - 3, -2*r + 31 = q. Let g = 20 - r. Does 21 divide (8*-33)/(-4) - g?
True
Let d be 2/(40/(-18) + 2). Let u(c) = c**3 - 3*c**2 - 29*c - 7. Let x be u(7). Let p = d - x. Is p a multiple of 3?
False
Suppose s + 12 = 3*w + 2*s, -2*w - 2*s + 12 = 0. Suppose 24 = 5*y + w*g, -y - 5*g = 2*y - 8. Is 32/y*(-4 - -7) a multiple of 16?
True
Suppose 25*o - 3717 = 1383. Does 5 divide o?
False
Let q = 340 + 81. Is q a multiple of 46?
False
Suppose 45*z - 15*z - 19530 = 0. Does 50 divide z?
False
Suppose 3*k = 4*t + t + 553, 4*t = -5*k + 897. Is k a multiple of 7?
False
Let y(m) = m + m - 5 - 4 - m. Let i be y(7). Is 16 a factor of 37 + 3 - (i + 0)?
False
Suppose -u + 3*o + 1 = 0, -2*o + 3 = 9. Let c = 22 + u. Does 7 divide c?
True
Suppose 8*y = 12 + 20. Suppose -y*c - 4*c = -648. Is c a multiple of 27?
True
Let x(r) = -2*r - 3. Let j(y) = 16*y + 20. Let i(g) = 3*g + 4. Let p(f) = -11*i(f) + 2*j(f). Let b(d) = -3*p(d) + 2*x(d). Is b(-5) a multiple of 4?
False
Does 8 divide (-75)/50 + (-1102)/(-4)?
False
Let t = 27 + -23. Suppose -t*w - w + 132 = -2*r, 4*r = 3*w - 278. Let p = 139 + r. Is p a multiple of 26?
False
Let f(d) be the third derivative of -d**4/4 - d**3 - 3*d**2. Is 10 a factor of f(-6)?
True
Suppose 23*o - 30 = -237. Let w(t) = -t**2. Let y(k) = k**2 + 9*k - 13. Let d(p) = -w(p) + y(p). Does 20 divide d(o)?
False
Suppose 0 = 2*x - 0*x. Suppose 2*v + v - 183 = 0. Suppose -5*i = 3*z - v, -3*z + 2*i + 53 + 36 = x. Does 12 divide z?
False
Let i(m) = 3*m**2 + 29*m + 156. Does 16 divide i(18)?
False
Let w be (15/2)/(39/3484). Is 0 + 3/9 - w/(-15) a multiple of 9?
True
Suppose f = -0*f + 51. Suppose 93 = 4*j - f. Let r = 52 - j. Is 6 a factor of r?
False
Suppose -4*z + 4*o + 174 = -346, -o = -4*z + 508. Does 4 divide z?
False
Let w(y) = -y**2 - y. Let s(r) = 2*r**2 + 10*r. Let p(f) = -s(f) - 4*w(f). Does 7 divide p(-5)?
False
Let o(m) = m**2 - 8*m. Let z be o(10). Let j = z + -2. Does 16 divide j?
False
Let c(k) = -11 + 25*k - 29 - 10. Is c(6) a multiple of 30?
False
Let l be 8 + -10 - -2*1. Suppose p = -49 + 55. Suppose l = k - p*k + 300. Is k a multiple of 30?
True
Let k be (8/(-2) - -8*1) + -4. Let h(t) = 4*t + 32. Does 4 divide h(k)?
True
Suppose 2*p = -4*f + 318, 3*f + 0*p + 5*p = 235. Suppose -2*y + f + 31 = -t, -2*t = 4*y - 202. Does 10 divide y?
False
Let o(p) = 2*p**2 + 15*p + 12. Suppose -4*x + 23 = 5*t, -4*x = -2*t + 5*t - 17. Suppose -6 = -x*k, 5*m + 0*m = 5*k - 65. Is 34 a factor of o(m)?
False
Let f(i) = 4*i - 10. Let v = -15 + 24. Does 14 divide f(v)?
False
Suppose 5*k = 4*s + 830, -3*s + 4*s = -5. Does 3 divide k?
True
Let y(h) = h**3 + 6*h**2 - 8*h - 5. Suppose -2*t = -n - 1 + 19, 4*t = -n - 24. Let p be y(t). Suppose p*a - 44 = -0*a. Does 22 divide a?
True
Let a = 197 + -129. Suppose -2*c + a - 18 = 0. Does 24 divide c?
False
Let d(a) = -a + 19. Let b be (-4)/(0 - 4)*7. Does 12 divide d(b)?
True
Let v be 5*((-12)/20 + (5 - 2)). Let t(u) be the first derivative of u**4/4 - 13*u**3/3 + 6*u**2 + 4*u - 1. Does 2 divide t(v)?
True
Suppose 0*h + h + 7 = 0. Is 4 a factor of -1*((-2064)/56 + 1/h)?
False
Suppose 3*h - w - 11 = 0, -4*h + w + 0 = -13. Is 1/2*(58*h + 0) a multiple of 6?
False
Let u = 3 - 1. Suppose -80*w + 18 = -74*w. Suppose 4*g + u*l - 46 = 0, g = -l + w*l + 14. Is 4 a factor of g?
True
Let f = -566 + 926. Does 45 divide f?
True
Let h be ((-4)/(-6))/(7/42). Suppose -2*v = h*v - 720. Does 40 divide v?
True
Suppose -t - 13 = 2*i, i + 17 + 12 = -2*t. Let c(v) = v**3 + 15*v**2 - 10*v - 19. Is 16 a factor of c(t)?
False
Let q(o) = 259*o + 9. Let s be q(5). Let i be (s/6 + -1)*3. Does 15 divide (-1)/(-4) - i/(-44)?
True
Let b(p) be the third derivative of -p**6/120 - 7*p**5/15 + 7*p**4/6 - 3*p**3/2 - 10*p**2 - 1. Does 5 divide b(-29)?
True
Is 4 + 135/(-33) - (-26406)/66 a multiple of 25?
True
Suppose 0 = r - 4, -4258 = -5*x + 10*r - 7*r. Does 14 divide x?
True
Let d be ((-71)/2)/(2/(-8)). Suppose 7*w = 2*w + 10, -4*r + d = 3*w. Suppose -a + r + 11 = 0. Is a a multiple of 15?
True
Suppose -o = 5*t - 0*o - 18, 3*o - 10 = -4*t. Is 22 a factor of 18/12 - (-230)/t?
False
Let h be ((-14)/(-21))/(1/(-3)). Let q be 19*((-4)/1 + 3). Let i = h - q. Is 10 a factor of i?
False
Suppose 8*i - 3*i = 4*s - 235, 2*s + 5*i = 125. Let p = 119 + s. Is 18 a factor of p?
False
Let n(d) be the second derivative of -d**4/12 + 11*d**3/6 + 11*d**2 - 4*d. Is n(9) a multiple of 10?
True
Let q(s) = -s**3 + 2*s**2 + 2*s + 1. Suppose 3*w - 3 + 8 = -2*z, 4*z + 4 = -4*w. Let k be q(z). Suppose -k*m + 43 + 32 = 0. Is m a multiple of 5?
True
Let o(h) = 42*h**2 - 37*h - 72. Is 13 a factor of o(-8)?
True
Let k(b) = 21*b**3 + 2*b**2 - 7*b + 5. Let h(l) = -43*l**3 - 4*l**2 + 13*l - 9. Let z(p) = -4*h(p) - 7*k(p). Does 2 divide z(1)?
False
Suppose -9*m - 439 = -79. Let b = m + 107. Is b a multiple of 12?
False
Suppose o = -b - 2, 5*b - 9 = 2*o + 9. Suppose -b*s - 3*a = -59, 6*a = 5*s + 3*a - 158. Is s a multiple of 11?
False
Suppose -6590 = -5*u + 2*q + 220, 2*q = -u + 1350. Is 57 a factor of u?
False
Does 33 divide 3 + -2 + (3 - (-1 - 721))?
True
Suppose 5*n = 4*n - 3000. Does 21 divide (-1)/(-3) + n/(-45)?
False
Suppose -3*x + 8*x + 5*i = 0, 5*x - 16 = 3*i. Suppose -x*y + 12 = -j + 2*j, 3*j - 30 = -5*y. Is y a multiple of 3?
True
Let t be ((-94)/24 - (-6)/(-18))*-4. Let v = 10 + t. Does 27 divide v?
True
Let o(w) = -62*w - 2. Suppose 3 = v - 4*v. Let p be o(v). Suppose p = 5*c - c. Is 4 a factor of c?
False
Let g be (-43)/5 - 8/20. Let d be g*7/(-2 + 3). Let w = -9 - d. Is w a multiple of 18?
True
Let l = 44 - 49. Let f(y) = y**2 + 2*y - 6. Is f(l) a multiple of 9?
True
Let o(y) = -2*y + 47. Let z be o(16). Suppose -z*x + 17*x - 146 = 0. Is x a multiple of 15?
False
Suppose j + 2*k - 4163 = 0, -j = 8*k - 12*k - 4181. Does 56 divide j?
False
Suppose -17 = -6*p + 1. Suppose -330 = -p*x + 3*l, -4*x + l + 534 = x. Let y = x + -55. Does 22 divide y?
False
Let f(l) = l + 6. Let v be f(-3). Suppose -v*a - d - 32 = -326, 2*d = 4*a - 392. Does 34 divide a?
False
Suppose -10 = -2*i, y + 0*y = -i + 7. Suppose 2*d = -y + 144. Is 17 a factor of d?
False
Let x = 587 + 605. Is 68 a factor of x?
False
Suppose 0 = 4*k - 4 - 52. Let v = k - 8. Let p(f) = 9*f + 4. Does 13 divide p(v)?
False
Suppose -6 + 26 = -4*j. Let f be 70*j/((-50)/42). Suppose -x = -5*b + f, -3*b + 3*x + 292 = 2*b. Is b a multiple of 20?
False
Let m(y) = 2*y**2 + 14*y - 24. Let s(k) = 14*k**2 + 71 - 8*k**2 - 11*k**2 - 41*k. Let u(x) = 8*m(x) + 3*s(x). Does 5 divide u(10)?
False
Is 103 a factor of (-150)/(-4)*(-30)/495*-1133?
True
Suppose -977 = -6*f + 949. Is f a multiple of 61?
False
Let c(l) = 7*l**2 - 36*l - 89. Is 17 a factor of c(-10)?
False
Suppose 2*a = 3*p + 1891, -74*a - 4696 = -79*a - 3*p. Is a a multiple of 41?
False
Suppose -119*k + 114*k - q + 2631 = 0, -5*q - 1573 = -3*k. Is 8 a factor of k?
False
Let r(m) be the second derivative of m**4/12 - 7*m**3/6 + 4*m**2 + m. Let x be r(7). Suppose 0 = z + 3*z + 4*n - x, 8 = z - n. Is z a multiple of 5?
True
Suppose 0 = -3*o - 3*o + 12. Let r be (-2)/o*(5 - 7). Suppose r*m = -0*m + 100. Does 23 divide m?
False
Suppose 2*k = -3*k + 10. Let l(f) = -1 + f**2 + 8*f - 6*f + 0 + k*f**2. Is l(3) a multiple of 12?
False
Let d = 8 - 8. Suppose 3*c - c + 2 = d. Is (c - (2 + -1)) + 34 a multiple of 16?
True
Let r = 896 - 476. Is 35 a factor of r?
True
Let j(o) = -3*o**2 - 75*o + 92. Let p(f) = -f**2 - 25*f + 31. Let m(g) = -2*j(g) + 7*p(g). Does 19 divide m(-20)?
True
Suppose 2*k + 123 + 35 = 0. Let z = k - -47. Is z/(0 - -2 - 3) a multiple of 16?
True
Suppose -t - 16 = 7*t. Let p(l) = -11*l**3 + 3*l + 2. Is 12 a factor of p(t)?
True
Suppose 0 = 3*c - 13 - 32. Suppose 11*n = c*n - 540. Is n a multiple of 15?
True
Suppose 2108 = 198*a - 194*a. Is a a multiple of 42?
False
Suppose 0*x + 15*x - 360 = 0. Does 3 divide x?
True
Suppose -40*o = -19*o - 37485. Is 16 a fac